23020
In base 15, what is 2e5e7 + -15?
2e5d2
In base 10, what is 115 - 2693610?
-2693495
In base 6, what is -550231 + 5132?
-541055
In base 2, what is 11 + 111010000011111001?
111010000011111100
In base 2, what is 10011 + -1100100000011011110?
-1100100000011001011
In base 16, what is 18ba - -14d9c?
16656
In base 6, what is 5551432530 - 1?
5551432525
In base 15, what is b46cdb - 2?
b46cd9
In base 8, what is 3445223172 + 1?
3445223173
In base 16, what is 22 + 42f8?
431a
In base 13, what is 145426 + 12?
145438
In base 2, what is 11110101110000011 - -11010001?
11110110001010100
In base 11, what is 23421 + -89?
23343
In base 2, what is 100 + -100111110011101001010110?
-100111110011101001010010
In base 7, what is -410235 + 126?
-410106
In base 3, what is 102210011201 + 10121200?
102220210101
In base 3, what is -1020222201 - -1010012110?
-10210021
In base 5, what is 42 + 2010440404?
2010441001
In base 6, what is 1 - 131543?
-131542
In base 6, what is 1253 + -25000500?
-24555203
In base 3, what is -112 - 1021000211102220?
-1021000211110102
In base 14, what is -1629a8a2 + 0?
-1629a8a2
In base 9, what is 114 - 21740461?
-21740346
In base 2, what is 0 + -11011011001000010100?
-11011011001000010100
In base 16, what is 1c90570 - 1?
1c9056f
In base 3, what is 21212202201 + 11222?
21212221200
In base 16, what is -1569 - 9f0e?
-b477
In base 6, what is -10335 + -4143?
-14522
In base 11, what is -1 - -3102a80a?
3102a809
In base 5, what is -141412 - 10203101?
-10400013
In base 4, what is 11233112 - -213221?
12112333
In base 3, what is -12121021201010 - -210?
-12121021200100
In base 15, what is 7280 - -78?
7308
In base 9, what is -1111 + 27021?
25810
In base 6, what is 452 + 2510010?
2510502
In base 7, what is -4652 - -112251?
104266
In base 6, what is -33541 - -44510?
10525
In base 11, what is -258 + 810521?
810274
In base 6, what is 534325425 + -205?
534325220
In base 9, what is -224322 - 601?
-225023
In base 5, what is -21140 + 11041?
-10044
In base 2, what is -111111101000011110110 - -11?
-111111101000011110011
In base 4, what is -223211230333 - -21?
-223211230312
In base 6, what is 224213 + 1223?
225440
In base 15, what is 0 + 75c5038?
75c5038
In base 5, what is 4 - -403102322410?
403102322414
In base 4, what is -3101210 - 2212?
-3110022
In base 4, what is -23 + -1033200003?
-1033200032
In base 4, what is -2023201212031 - 13?
-2023201212110
In base 13, what is 6 + a22763?
a22769
In base 11, what is 2 + -6872a988?
-6872a986
In base 6, what is 54445 + 320400?
415245
In base 5, what is -401 - -40331214?
40330313
In base 7, what is 460 - -6212146?
6212636
In base 14, what is b3ab1 - -29?
b3ada
In base 8, what is -3723262 - -14?
-3723246
In base 3, what is 221121002021 + -1100?
221121000221
In base 2, what is 10110111011111000111 - 11110?
10110111011110101001
In base 16, what is 465 + 9596?
99fb
In base 5, what is 220 + -4011031?
-4010311
In base 7, what is -4 + 204612300?
204612263
In base 11, what is -a - 393033?
-393042
In base 5, what is -10 + -1304222312?
-1304222322
In base 16, what is 172024 + -7?
17201d
In base 5, what is 0 - 122211000?
-122211000
In base 8, what is -7435511 - 5?
-7435516
In base 15, what is -287 - -44e83?
44beb
In base 11, what is 1012 - -1882?
2894
In base 7, what is 506223 - -6040?
515263
In base 9, what is 202571 - -26?
202607
In base 6, what is -13032230040 - -5?
-13032230031
In base 14, what is -3c38c04 - -1?
-3c38c03
In base 11, what is -8748159 - -1?
-8748158
In base 9, what is -1260 + 2815?
1545
In base 6, what is -4350420234 - -1?
-4350420233
In base 7, what is 1224232425 - -6?
1224232434
In base 10, what is 3 - 3299159?
-3299156
In base 10, what is -211145745 + 5?
-211145740
In base 7, what is -4 + 156414335?
156414331
In base 6, what is -305533 + -2?
-305535
In base 4, what is 130 + 223330022?
223330212
In base 13, what is -1b382c - -109?
-1b3723
In base 7, what is 1436632 + 5333?
1445265
In base 8, what is 2 - -20720171?
20720173
In base 11, what is -2100999 + 0?
-2100999
In base 14, what is 75c - d7b9?
-d05b
In base 12, what is 92b4212 - -4?
92b4216
In base 3, what is -22001 - -10010121202010?
10010121110002
In base 14, what is 11 - 10c91d8?
-10c91c7
In base 7, what is -2055522 + -34?
-2055556
In base 3, what is 12012100010101 + 1?
12012100010102
In base 5, what is 13200044034 + -30?
13200044004
In base 9, what is -5 - -62500727?
62500722
In base 6, what is -2351 + 20420043?
20413252
In base 7, what is -103 + 266426446?
266426343
In base 7, what is 222064540 - 132?
222064405
In base 2, what is 0 + -1101000110000100001001100?
-1101000110000100001001100
In base 13, what is -377 - -2c608?
2c261
In base 12, what is -3878 - 5a1?
-4259
In base 3, what is 1000220221112000 - 2?
1000220221111221
In base 14, what is 1db72 - -244?
1ddb6
In base 2, what is -11 + -11001010111101000111000001001?
-11001010111101000111000001100
In base 8, what is -1571443 - -137?
-1571304
In base 6, what is 1414420 - 21210?
1353210
In base 10, what is -546995 + -249?
-547244
In base 15, what is 56 + 34151a?
341571
In base 5, what is 4020 + 241442?
301012
In base 8, what is -1332 - 1157321?
-1160653
In base 12, what is -174 - -247864?
2476b0
In base 2, what is 11011111000000100 - -1?
11011111000000101
In base 2, what is -11110011010111100011011 - 11?
-11110011010111100011110
In base 15, what is 3 + 623bda?
623bdd
In base 11, what is -23719 + 412?
-23307
In base 5, what is -1344041340442 - -2?
-1344041340440
In base 8, what is -301117576 - -4?
-301117572
In base 16, what is 812d18 + 4?
812d1c
In base 8, what is -2 + -1754540?
-1754542
In base 14, what is -a726 + -75c6?
-13d0c
In base 5, what is 24 - -424241000?
424241024
In base 2, what is 10111 + -11010101111111100010011?
-11010101111111011111100
In base 13, what is -b5574c - -3?
-b55749
In base 3, what is 2 - -2102120221212111?
2102120221212120
In base 15, what is 1eed86 - -2?
1eed88
In base 16, what is -4 + 43959e?
43959a
In base 14, what is -c87b + 30a?
-c571
In base 14, what is 2c1a48 + d?
2c1a57
In base 7, what is 340116363 - 5?
340116355
In base 9, what is -564 - 517384?
-518058
In base 5, what is 242330 + 210123?
1003003
In base 10, what is 54514 - -4?
54518
In base 12, what is 73bb8b9 + -13?
73bb8a6
In base 14, what is 238599 - 15?
238584
In base 11, what is -2159 + 3a41?
1893
In base 10, what is -42847 + -5767?
-48614
In base 6, what is -334025 + -13240?
-351305
In base 12, what is -1 - -4935aab?
4935aaa
In base 14, what is 1 - a36561?
-a36560
In base 5, what is -11401222212 - 134?
-11401222401
In base 10, what is -1383601 - -49?
-1383552
In base 4, what is 2123130322 - -32?
2123131020
In base 9, what is -2475554 - 45?
-2475610
In base 5, what is 2142010 + 1022?
2143032
In base 10, what is 1 + 4000886?
4000887
In base 9, what is -803450 + 82?
-803357
In base 14, what is 89c32d7 + 4?
89c32db
In base 7, what is -4150 - 622233?
-626413
In base 13, what is 25a1 + 33bb?
598c
In base 15, what is -6bdd231 + -1?
-6bdd232
In base 6, what is 1101433351 + 5?
1101433400
In base 6, what is 51450320 - -15?
51450335
In base 7, what is -306613 + -1304?
-311220
In base 11, what is 9a0 + -338726?
-337836
In base 6, what is -10 - -532124544?
532124534
In base 5, what is -3120 + 1014212?
1011042
In base 4, what is -111313 - -111310330?
111133011
In base 4, what is 13 - 10023101002011?
-10023101001332
In base 14, what is 0 + 3cb21d?
3cb21d
In base 13, what is 1 + 28b7c8c?
28b7c90
In base 9, what is 30776306 + 1?
30776307
In base 6, what is 212425 - 241012?
-24143
In base 14, what is -2 - -4340d60?
4340d5c
In base 4, what is 23011 - -3120120?
3203131
In base 11, what is -29a37 - 1066?
-2aaa2
In base 8, what is -476576 - 502?
-477300
In base 2, what is -10 + -110110110101001011101?
-110110110101001011111
In base 14, what is 1a7 + -1d079?
-1ccb2
In base 2, what is 10100011011011 - -10111111000100?
101100010011111
In base 8, what is -4 + -1125130?
-1125134
In base 11, what is -a827034 + 5?
-a82702a
In base 14, what is -34956 - 12?
-34968
In base 10, what is 3692157 + -2?
3692155
In base 14, what is 72913a8 - 0?
72913a8
In base 16, what is 62 - 219ad?
-2194b
In base 3, what is -1012021112001111 - 0?
-1012021112001111
In base 11, what is 332800 - -1?
332801
In base 5, what is -3034134 + -1213?
-3040402
In base 13, what i